{"id":3799,"date":"2018-06-25T19:26:49","date_gmt":"2018-06-25T19:26:49","guid":{"rendered":"http:\/\/site.esebarrancabermeja.gov.co\/?page_id=3799"},"modified":"2023-03-23T17:57:48","modified_gmt":"2023-03-23T22:57:48","slug":"presupuestos-y-planes-de-compras","status":"publish","type":"page","link":"https:\/\/esebarrancabermeja.gov.co\/antigua-ese-2022\/presupuestos-y-planes-de-compras\/","title":{"rendered":"PRESUPUESTOS Y PLANES DE COMPRAS"},"content":{"rendered":"<ul>\n<li><a href=\"http:\/\/esebarrancabermeja.gov.co\/wp-content\/uploads\/2023\/03\/RESOLUCION-359-DE-DIC-22-DE-2022-LIQUIDACION-PTO-2023.pdf\" target=\"_blank\" rel=\"noopener\">Presupuesto 2023<\/a><\/li>\n<li><a href=\"http:\/\/esebarrancabermeja.gov.co\/wp-content\/uploads\/2022\/05\/MODIFICACION-PLAN-DE-COMPRA-ANO-202220220510_09053989-1.pdf\" target=\"_blank\" rel=\"noopener\">Modificaci\u00f3n Plan Anual de Adquisiciones 2022 Resoluci\u00f3n 132 de 2022<\/a><\/li>\n<li><a href=\"http:\/\/esebarrancabermeja.gov.co\/wp-content\/uploads\/2022\/01\/Resolucion-N\u00b0367-Presupuesto-2022.pdf\" target=\"_blank\" rel=\"noopener\">Presupuesto 2022<\/a><\/li>\n<li><a href=\"http:\/\/esebarrancabermeja.gov.co\/wp-content\/uploads\/2021\/12\/resolucion-modificacion-364.pdf\" target=\"_blank\" rel=\"noopener\">Modificaci\u00f3n Plan Anual de Adquisiciones 2021 Resoluci\u00f3n 364 de 2021<\/a><\/li>\n<li><a href=\"http:\/\/esebarrancabermeja.gov.co\/wp-content\/uploads\/2021\/12\/modificacion-plan-de-compras-2021.pdf\" target=\"_blank\" rel=\"noopener\">Modificaci\u00f3n Plan Anual de Adquisiciones 2021 Resoluci\u00f3n 314 de 2021<\/a><\/li>\n<li><a href=\"http:\/\/esebarrancabermeja.gov.co\/wp-content\/uploads\/2021\/01\/PLAN-ANUAL-DE-ADQUISICION-2021.pdf\" target=\"_blank\" rel=\"noopener\">Plan Anual de Adquisiciones 2021<\/a><\/li>\n<li><a href=\"http:\/\/esebarrancabermeja.gov.co\/wp-content\/uploads\/2021\/01\/RESOLUCION-326-DE-28-DIC-2020.pdf\" target=\"_blank\" rel=\"noopener\">Presupuesto 2021<\/a><\/li>\n<li><a href=\"http:\/\/esebarrancabermeja.gov.co\/wp-content\/uploads\/2020\/01\/RESOLUCION-PTO-2020.pdf\" target=\"_blank\" rel=\"noopener\">Presupuesto 2020<\/a><\/li>\n<li><a href=\"http:\/\/esebarrancabermeja.gov.co\/wp-content\/uploads\/2020\/01\/PLAN-ANUAL-DE-ADQUISICION-2020-SIA.pdf\" target=\"_blank\" rel=\"noopener\">Plan Anual de Adquisiciones 2020<\/a><\/li>\n<li><a href=\"http:\/\/esebarrancabermeja.gov.co\/wp-content\/uploads\/2019\/01\/PRESUPUESTO-2019.pdf\" target=\"_blank\" rel=\"noopener\">Presupuesto 2019<\/a><\/li>\n<li><a href=\"http:\/\/esebarrancabermeja.gov.co\/wp-content\/uploads\/2019\/01\/plan-de-compras-2019-eseb-2019.pdf\" target=\"_blank\" rel=\"noopener\">Plan Anual de Adquisiciones 2019<\/a><\/li>\n<li><a href=\"http:\/\/esebarrancabermeja.gov.co\/images\/stories\/esebarrancabermeja\/informes\/PLAN%20ANUAL%20DE%20ADQUISICIONES%202018.pdf\" target=\"_blank\" rel=\"noopener\">Plan Anual de Adquisiciones 2018<\/a><\/li>\n<li><a href=\"http:\/\/esebarrancabermeja.gov.co\/images\/stories\/esebarrancabermeja\/informes\/presupuesto\/RESOLUCION%20410%20DE%2029%20DIC%202017%20PTO%202018.PDF\" target=\"_blank\" rel=\"noopener\">Presupuesto 2018<\/a><\/li>\n<li><a href=\"http:\/\/esebarrancabermeja.gov.co\/images\/stories\/esebarrancabermeja\/informes\/PLAN%20ANUAL%20DE%20ADQUISICIONES%202018.pdf\" target=\"_blank\" rel=\"noopener\">Plan Anual de Adquisiciones 2018 <\/a><\/li>\n<li><a href=\"http:\/\/esebarrancabermeja.gov.co\/images\/stories\/esebarrancabermeja\/informes\/presupuesto\/MODIFICACION%20PAA%202017.pdf\" target=\"_blank\" rel=\"noopener\">Modificaci\u00f3n Plan de Compras 2017<\/a><\/li>\n<li><a href=\"http:\/\/esebarrancabermeja.gov.co\/images\/stories\/esebarrancabermeja\/informes\/RESOLUCION%20PTO%20VIGENCIA%202017.pdf\" target=\"_blank\" rel=\"noopener\">Presupuesto 2017<\/a><\/li>\n<li><a href=\"http:\/\/esebarrancabermeja.gov.co\/images\/stories\/esebarrancabermeja\/informes\/presupuesto\/Plan%20Anual%20de%20Adquisiciones%20ESE%20Barrancabermeja%20A%C3%B1o%202017.pdf\" target=\"_blank\" rel=\"noopener\">Plan de Compras 2017<\/a><\/li>\n<li><a href=\"http:\/\/esebarrancabermeja.gov.co\/images\/stories\/esebarrancabermeja\/informes\/presupuesto\/mod_plan_compras_2016.pdf\" target=\"_blank\" rel=\"noopener\">Modificaci\u00f3n Plan de Compras 2016<\/a><\/li>\n<li><a href=\"http:\/\/esebarrancabermeja.gov.co\/images\/stories\/esebarrancabermeja\/informes\/presupuesto\/plancompras2016.pdf\" target=\"_blank\" rel=\"noopener\">Plan de Compras 2016<\/a><\/li>\n<li><a href=\"http:\/\/esebarrancabermeja.gov.co\/images\/stories\/esebarrancabermeja\/planadqui2016.pdf\" target=\"_blank\" rel=\"noopener\">Plan Anual de Adquisiciones<\/a><\/li>\n<li><a href=\"http:\/\/esebarrancabermeja.gov.co\/images\/stories\/esebarrancabermeja\/informes\/presupuesto\/plancompras2015.pdf\" target=\"_blank\" rel=\"noopener\">Presupuesto 2015<\/a><\/li>\n<li><a href=\"http:\/\/esebarrancabermeja.gov.co\/images\/stories\/esebarrancabermeja\/informes\/presupuesto\/PRESUPUESTO2014.pdf\" target=\"_blank\" rel=\"noopener\">Presupuesto 2014<\/a><\/li>\n<li><a href=\"http:\/\/esebarrancabermeja.gov.co\/images\/stories\/esebarrancabermeja\/informes\/presupuesto\/plancompras2014.PDF\" target=\"_blank\" rel=\"noopener\">Plan de compras 2014<\/a><\/li>\n<\/ul>\n","protected":false},"excerpt":{"rendered":"<p>Presupuesto 2023 Modificaci\u00f3n Plan Anual de Adquisiciones 2022 Resoluci\u00f3n 132 de 2022 Presupuesto 2022 Modificaci\u00f3n Plan Anual de Adquisiciones 2021 Resoluci\u00f3n 364 de 2021 Modificaci\u00f3n Plan Anual de Adquisiciones 2021 Resoluci\u00f3n 314 de 2021 Plan Anual de Adquisiciones 2021 Presupuesto 2021 Presupuesto 2020 Plan Anual de Adquisiciones 2020 Presupuesto 2019 Plan Anual de Adquisiciones 2019<\/p>\n","protected":false},"author":1,"featured_media":0,"parent":0,"menu_order":0,"comment_status":"closed","ping_status":"closed","template":"","meta":{"_bbp_topic_count":0,"_bbp_reply_count":0,"_bbp_total_topic_count":0,"_bbp_total_reply_count":0,"_bbp_voice_count":0,"_bbp_anonymous_reply_count":0,"_bbp_topic_count_hidden":0,"_bbp_reply_count_hidden":0,"_bbp_forum_subforum_count":0},"categories":[],"tags":[],"_links":{"self":[{"href":"https:\/\/esebarrancabermeja.gov.co\/antigua-ese-2022\/wp-json\/wp\/v2\/pages\/3799"}],"collection":[{"href":"https:\/\/esebarrancabermeja.gov.co\/antigua-ese-2022\/wp-json\/wp\/v2\/pages"}],"about":[{"href":"https:\/\/esebarrancabermeja.gov.co\/antigua-ese-2022\/wp-json\/wp\/v2\/types\/page"}],"author":[{"embeddable":true,"href":"https:\/\/esebarrancabermeja.gov.co\/antigua-ese-2022\/wp-json\/wp\/v2\/users\/1"}],"replies":[{"embeddable":true,"href":"https:\/\/esebarrancabermeja.gov.co\/antigua-ese-2022\/wp-json\/wp\/v2\/comments?post=3799"}],"version-history":[{"count":5,"href":"https:\/\/esebarrancabermeja.gov.co\/antigua-ese-2022\/wp-json\/wp\/v2\/pages\/3799\/revisions"}],"predecessor-version":[{"id":9980,"href":"https:\/\/esebarrancabermeja.gov.co\/antigua-ese-2022\/wp-json\/wp\/v2\/pages\/3799\/revisions\/9980"}],"wp:attachment":[{"href":"https:\/\/esebarrancabermeja.gov.co\/antigua-ese-2022\/wp-json\/wp\/v2\/media?parent=3799"}],"wp:term":[{"taxonomy":"category","embeddable":true,"href":"https:\/\/esebarrancabermeja.gov.co\/antigua-ese-2022\/wp-json\/wp\/v2\/categories?post=3799"},{"taxonomy":"post_tag","embeddable":true,"href":"https:\/\/esebarrancabermeja.gov.co\/antigua-ese-2022\/wp-json\/wp\/v2\/tags?post=3799"}],"curies":[{"name":"wp","href":"https:\/\/api.w.org\/{rel}","templated":true}]}}