{"id":5179,"date":"2019-01-04T09:29:20","date_gmt":"2019-01-04T14:29:20","guid":{"rendered":"http:\/\/esebarrancabermeja.gov.co\/?page_id=5179"},"modified":"2023-07-12T14:09:53","modified_gmt":"2023-07-12T19:09:53","slug":"comites","status":"publish","type":"page","link":"https:\/\/esebarrancabermeja.gov.co\/antigua-ese-2022\/comites\/","title":{"rendered":"COMIT\u00c9 \u00c9TICA HOSPITALARIA"},"content":{"rendered":"<p><strong>COMIT\u00c9 DE \u00c9TICA HOSPITALARIA E.S.E.\u00a0 BARRANCABERMEJA<\/strong><\/p>\n<p>LA E.S.E BARRANCABERMEJA cuenta con el Comit\u00e9 de \u00c9tica Hospitalaria, donde usted se\u00f1or usuario est\u00e1 representado por dos integrantes de la Asociaci\u00f3n de usuarios.<\/p>\n<p>La funci\u00f3n de este comit\u00e9 es promover los programas de promoci\u00f3n y mantenimiento de la salud; divulgar y vigilar el cumplimiento de los derechos y deberes de los usuarios y velar por la calidad y oportunidad en la prestaci\u00f3n de los servicios. (VER HOJA DE VIDA DEL COMIT\u00c9 http:\/\/esebarrancabermeja.gov.co\/wp-content\/uploads\/2022\/08\/HOJA-DE-VIDA-COMITE-DICIEMBRE-22-2021.pdf)<\/p>\n<p><strong>Marco Legal<\/strong><br \/>\n\u2022 Decreto 1757 de Agosto 3 de 1994, en los art\u00edculos 15 y 16.<br \/>\n\u2022 Resoluci\u00f3n 13437 de Noviembre 1\u00b0 de 1991.<\/p>\n<p><strong>INTEGRANTES<\/strong><\/p>\n<ol>\n<li>El Gerente de la E.S.E BARRANCABERMEJA o su delegado; quien lo presidir\u00e1.<br \/>\nESMERALDA MARIA OTERO ALVAREZ \u2013 GERENTE<br \/>\ngerencia@esebarrancabermeja.gov.co<\/li>\n<\/ol>\n<p>FREDY HERNANDO TUTA TUTA \u2013 DELEGADO GERENTE<br \/>\nsubdircientifica@esebarrancabermeja.gov.co<\/p>\n<ol start=\"2\">\n<li>Un (1) representante del equipo m\u00e9dico, elegido por y entre el personal de la instituci\u00f3n.<br \/>\nDRA. SANDRA LILIANA VERA BLAND\u00d3N \u2013 PROFESIONAL ESPECIALIZADO \u00c1REA SALUD SERVICIOS AMBULATORIOS URGENCIAS Y EMERGENCIAS \u2013 REPRESENTANTE MEDICOS<br \/>\nambulatorios@esebarrancabermeja.gov.co<\/li>\n<\/ol>\n<p>3.\u00a0 \u00a0 \u00a0Un (1) representante del personal de enfermer\u00eda elegido por y entre el personal de la instituci\u00f3n.ENFERMERA\u00a0 \u00a0 \u00a0 \u00a0 \u00a0 \u00a0 \u00a0 \u00a0 SORCELINA RUSSO FLOREZ \u2013 REPRESENTANTE DE ENFERMERIA &#8211; pai@esebarrancabermeja.gov.co<\/p>\n<ol start=\"4\">\n<li>Dos (2) representantes de la Asociaci\u00f3n de Usuarios<br \/>\nSE\u00d1ORA MARIA PATRICIA VELASQUEZ\u2013 <a href=\"mailto:mariapatriciavelasquez1967@gmail.com\">mariapatriciavelasquez1967@gmail.com<\/a> asociaciondeusuariosdelaseses@gmail.com<br \/>\nSE\u00d1ORA NICOLAZA PEREZ AGUDELO- nicolazaperezagudelo@gmail.com<\/li>\n<\/ol>\n<p style=\"background: #FCFCFC; margin: 0cm 0cm 15.0pt 0cm;\">\n<p><a href=\"http:\/\/esebarrancabermeja.gov.co\/wp-content\/uploads\/2023\/01\/OFICIO-CAMBIO-MIEMBRO-COMITE-DE-ETICA-HOSPITALARIA-REPRESENTANTE-DE-LOS-USUARI-ENERO-2023-1.pdf\"><span style=\"text-decoration: underline; color: #0000ff; font-size: 16px;\"><strong>OFICIO CAMBIO MIEMBROS COMIT\u00c9 DE \u00c9TICA HOSPITALARIA 2023\u00a0<\/strong><\/span><\/a><\/p>\n<p><a href=\"http:\/\/esebarrancabermeja.gov.co\/wp-content\/uploads\/2023\/01\/documentos-firmados-convocatoria-y-designacion-miembros-comite-de-etica-2021-1.zip\"><span style=\"text-decoration: underline; color: #0000ff; font-size: 16px;\"><strong>PROCESO DE CONVOCATORIA Y DESIGNACI\u00d3N DE LOS MIEMBROS COMIT\u00c9 DE \u00c9TICA HOSPITALARIA OCT 2021\u00a0<\/strong><\/span><\/a><\/p>\n<p><span style=\"text-decoration: underline; color: #0000ff;\"><span style=\"font-size: 18px;\"><strong><a style=\"color: #0000ff; text-decoration: underline;\" href=\"http:\/\/esebarrancabermeja.gov.co\/wp-content\/uploads\/2022\/08\/HOJA-DE-VIDA-COMITE-DICIEMBRE-22-2021.pdf\"><span style=\"font-size: 16px;\">VER HOJA DE VIDA DE COMIT\u00c9<\/span><\/a><\/strong><\/span><\/span><\/p>\n<p><span style=\"text-decoration: underline; color: #0000ff; font-size: 16px;\"><strong><a style=\"color: #0000ff; text-decoration: underline;\" href=\"http:\/\/esebarrancabermeja.gov.co\/resoluciones-comite-de-etica\/\">VER RESOLUCI\u00d3N DE COMIT\u00c9<\/a><\/strong><\/span><\/p>\n<p><span style=\"text-decoration: underline; color: #0000ff; font-size: 16px;\"><strong><a style=\"color: #0000ff; text-decoration: underline;\" href=\"http:\/\/esebarrancabermeja.gov.co\/?p=5332&amp;preview=true\">VER ACTAS DE COMIT\u00c9<\/a><\/strong><\/span><\/p>\n<p><span style=\"text-decoration: underline; color: #0000ff; font-size: 16px;\"><strong><a style=\"color: #0000ff; text-decoration: underline;\" href=\"http:\/\/esebarrancabermeja.gov.co\/wp-content\/uploads\/2023\/02\/PLAN-DE-MEJORAMIENTO-COMITE-DE-ETICA-HOSPITALARIA-FEBRERO-2023-SUPERSALUD-1.pdf\">VER PLAN DE MEJORAMIENTO COMIT\u00c9 DE ETICA HOSPITALARIA SUPERSALUD<\/a><\/strong><\/span><\/p>\n<p><span style=\"text-decoration: underline; color: #0000ff; font-size: 16px;\"><strong><a style=\"color: #0000ff; text-decoration: underline;\" href=\"http:\/\/esebarrancabermeja.gov.co\/wp-content\/uploads\/2023\/03\/Correo-de-ESE-Barrancabermeja-ACTAS-COMITE-DE-ETICA-HOSPITALARIA-ESE-BARRANCABERMEJA-I-TRIMESTRE-2023-1.pdf\">VER AVANCE I TRIMESTRE PLAN DE MEJORAMIENTO COMIT\u00c9 DE ETICA HOSPITALARIA SUPERSALUD<\/a><\/strong><\/span><\/p>\n","protected":false},"excerpt":{"rendered":"<p>COMIT\u00c9 DE \u00c9TICA HOSPITALARIA E.S.E.\u00a0 BARRANCABERMEJA LA E.S.E BARRANCABERMEJA cuenta con el Comit\u00e9 de \u00c9tica Hospitalaria, donde usted se\u00f1or usuario est\u00e1 representado por dos integrantes de la Asociaci\u00f3n de usuarios. La funci\u00f3n de este comit\u00e9 es promover los programas de promoci\u00f3n y mantenimiento de la salud; divulgar y vigilar el cumplimiento de los derechos y<\/p>\n","protected":false},"author":1,"featured_media":10331,"parent":0,"menu_order":0,"comment_status":"closed","ping_status":"closed","template":"","meta":{"_bbp_topic_count":0,"_bbp_reply_count":0,"_bbp_total_topic_count":0,"_bbp_total_reply_count":0,"_bbp_voice_count":0,"_bbp_anonymous_reply_count":0,"_bbp_topic_count_hidden":0,"_bbp_reply_count_hidden":0,"_bbp_forum_subforum_count":0},"categories":[570],"tags":[],"_links":{"self":[{"href":"https:\/\/esebarrancabermeja.gov.co\/antigua-ese-2022\/wp-json\/wp\/v2\/pages\/5179"}],"collection":[{"href":"https:\/\/esebarrancabermeja.gov.co\/antigua-ese-2022\/wp-json\/wp\/v2\/pages"}],"about":[{"href":"https:\/\/esebarrancabermeja.gov.co\/antigua-ese-2022\/wp-json\/wp\/v2\/types\/page"}],"author":[{"embeddable":true,"href":"https:\/\/esebarrancabermeja.gov.co\/antigua-ese-2022\/wp-json\/wp\/v2\/users\/1"}],"replies":[{"embeddable":true,"href":"https:\/\/esebarrancabermeja.gov.co\/antigua-ese-2022\/wp-json\/wp\/v2\/comments?post=5179"}],"version-history":[{"count":5,"href":"https:\/\/esebarrancabermeja.gov.co\/antigua-ese-2022\/wp-json\/wp\/v2\/pages\/5179\/revisions"}],"predecessor-version":[{"id":10333,"href":"https:\/\/esebarrancabermeja.gov.co\/antigua-ese-2022\/wp-json\/wp\/v2\/pages\/5179\/revisions\/10333"}],"wp:featuredmedia":[{"embeddable":true,"href":"https:\/\/esebarrancabermeja.gov.co\/antigua-ese-2022\/wp-json\/wp\/v2\/media\/10331"}],"wp:attachment":[{"href":"https:\/\/esebarrancabermeja.gov.co\/antigua-ese-2022\/wp-json\/wp\/v2\/media?parent=5179"}],"wp:term":[{"taxonomy":"category","embeddable":true,"href":"https:\/\/esebarrancabermeja.gov.co\/antigua-ese-2022\/wp-json\/wp\/v2\/categories?post=5179"},{"taxonomy":"post_tag","embeddable":true,"href":"https:\/\/esebarrancabermeja.gov.co\/antigua-ese-2022\/wp-json\/wp\/v2\/tags?post=5179"}],"curies":[{"name":"wp","href":"https:\/\/api.w.org\/{rel}","templated":true}]}}