{"id":5430,"date":"2019-03-15T12:25:04","date_gmt":"2019-03-15T17:25:04","guid":{"rendered":"http:\/\/esebarrancabermeja.gov.co\/?page_id=5430"},"modified":"2023-03-19T10:53:51","modified_gmt":"2023-03-19T15:53:51","slug":"participacion-ciudadana","status":"publish","type":"page","link":"https:\/\/esebarrancabermeja.gov.co\/antigua-ese-2022\/participacion-ciudadana\/","title":{"rendered":"PARTICIPACI\u00d3N SOCIAL"},"content":{"rendered":"<ul>\n<li><span style=\"font-size: 16px;\"><a href=\"http:\/\/esebarrancabermeja.gov.co\/wp-content\/uploads\/2023\/03\/PLAN-DE-PARTICIPACION-SOCIAL-2023-FIRMADO.pdf\"><strong>Plan\u00a0 de Acci\u00f3n Pol\u00edtica Participaci\u00f3n Social en Salud Vigencia 2023<\/strong><\/a><\/span><\/li>\n<li><span style=\"font-size: 16px;\"><a href=\"http:\/\/esebarrancabermeja.gov.co\/wp-content\/uploads\/2022\/03\/PLAN-DE-ACCION-POLITICA-DE-PARTICIPACION-SOCIAL-Y-EN-SALUD-ANO-2022.pdf\"><strong>Plan\u00a0 de Acci\u00f3n Pol\u00edtica Participaci\u00f3n Social en Salud Vigencia 2022<\/strong><\/a><\/span><\/li>\n<li><span style=\"font-size: 16px;\"><a href=\"http:\/\/esebarrancabermeja.gov.co\/wp-content\/uploads\/2022\/01\/EVIDENCIAS-EJECUCION-PPSS-2021.zip\"><strong>Evidencias del desarrollo Plan de Acci\u00f3n Participaci\u00f3n Social\u00a0 2021<\/strong><\/a><\/span><\/li>\n<li><span style=\"font-size: 16px;\"><a href=\"http:\/\/esebarrancabermeja.gov.co\/wp-content\/uploads\/2021\/03\/Anexo-2-Tabla-para-la-Formulacion-Plan-de-accion-2021_.pdf\"><strong>Plan\u00a0 de Acci\u00f3n Pol\u00edtica Participaci\u00f3n Social en Salud Vigencia 2021<\/strong><\/a><\/span><\/li>\n<li><span style=\"font-size: 16px;\"><a href=\"http:\/\/esebarrancabermeja.gov.co\/wp-content\/uploads\/2021\/02\/evidencias-participacion-social.pdf\"><strong>Evidencias del desarrollo Plan de Acci\u00f3n Participaci\u00f3n Social\u00a0 2020<\/strong><\/a><\/span><\/li>\n<li><span style=\"font-size: 16px;\"><a href=\"http:\/\/esebarrancabermeja.gov.co\/wp-content\/uploads\/2021\/01\/Anexo-2-Tabla-para-la-Formulaci\u00f3n-Plan-de-acci\u00f3n-2020-1.pdf\"><strong>Plan\u00a0 de Acci\u00f3n Pol\u00edtica Participaci\u00f3n Social en Salud Vigencia 2020<\/strong><\/a><\/span><\/li>\n<li><span style=\"font-size: 16px;\"><a href=\"http:\/\/esebarrancabermeja.gov.co\/wp-content\/uploads\/2019\/03\/Anexo-2-Tabla-para-la-Formulaci\u00f3n-Plan-de-acci\u00f3n-2019-3-terminado.pdf\"><strong>Plan\u00a0 de Acci\u00f3n Pol\u00edtica Participaci\u00f3n Social en Salud Vigencia 2019<\/strong><\/a><\/span><\/li>\n<\/ul>\n","protected":false},"excerpt":{"rendered":"<p>Plan\u00a0 de Acci\u00f3n Pol\u00edtica Participaci\u00f3n Social en Salud Vigencia 2023 Plan\u00a0 de Acci\u00f3n Pol\u00edtica Participaci\u00f3n Social en Salud Vigencia 2022 Evidencias del desarrollo Plan de Acci\u00f3n Participaci\u00f3n Social\u00a0 2021 Plan\u00a0 de Acci\u00f3n Pol\u00edtica Participaci\u00f3n Social en Salud Vigencia 2021 Evidencias del desarrollo Plan de Acci\u00f3n Participaci\u00f3n Social\u00a0 2020 Plan\u00a0 de Acci\u00f3n Pol\u00edtica Participaci\u00f3n Social en<\/p>\n","protected":false},"author":1,"featured_media":0,"parent":0,"menu_order":0,"comment_status":"closed","ping_status":"closed","template":"","meta":{"_bbp_topic_count":0,"_bbp_reply_count":0,"_bbp_total_topic_count":0,"_bbp_total_reply_count":0,"_bbp_voice_count":0,"_bbp_anonymous_reply_count":0,"_bbp_topic_count_hidden":0,"_bbp_reply_count_hidden":0,"_bbp_forum_subforum_count":0},"categories":[569],"tags":[],"_links":{"self":[{"href":"https:\/\/esebarrancabermeja.gov.co\/antigua-ese-2022\/wp-json\/wp\/v2\/pages\/5430"}],"collection":[{"href":"https:\/\/esebarrancabermeja.gov.co\/antigua-ese-2022\/wp-json\/wp\/v2\/pages"}],"about":[{"href":"https:\/\/esebarrancabermeja.gov.co\/antigua-ese-2022\/wp-json\/wp\/v2\/types\/page"}],"author":[{"embeddable":true,"href":"https:\/\/esebarrancabermeja.gov.co\/antigua-ese-2022\/wp-json\/wp\/v2\/users\/1"}],"replies":[{"embeddable":true,"href":"https:\/\/esebarrancabermeja.gov.co\/antigua-ese-2022\/wp-json\/wp\/v2\/comments?post=5430"}],"version-history":[{"count":4,"href":"https:\/\/esebarrancabermeja.gov.co\/antigua-ese-2022\/wp-json\/wp\/v2\/pages\/5430\/revisions"}],"predecessor-version":[{"id":9892,"href":"https:\/\/esebarrancabermeja.gov.co\/antigua-ese-2022\/wp-json\/wp\/v2\/pages\/5430\/revisions\/9892"}],"wp:attachment":[{"href":"https:\/\/esebarrancabermeja.gov.co\/antigua-ese-2022\/wp-json\/wp\/v2\/media?parent=5430"}],"wp:term":[{"taxonomy":"category","embeddable":true,"href":"https:\/\/esebarrancabermeja.gov.co\/antigua-ese-2022\/wp-json\/wp\/v2\/categories?post=5430"},{"taxonomy":"post_tag","embeddable":true,"href":"https:\/\/esebarrancabermeja.gov.co\/antigua-ese-2022\/wp-json\/wp\/v2\/tags?post=5430"}],"curies":[{"name":"wp","href":"https:\/\/api.w.org\/{rel}","templated":true}]}}