{"id":5980,"date":"2019-11-13T18:01:24","date_gmt":"2019-11-13T23:01:24","guid":{"rendered":"http:\/\/esebarrancabermeja.gov.co\/?page_id=5980"},"modified":"2019-11-13T18:03:49","modified_gmt":"2019-11-13T23:03:49","slug":"empalme-ese-barrancabermeja-2019","status":"publish","type":"page","link":"https:\/\/esebarrancabermeja.gov.co\/antigua-ese-2022\/empalme-ese-barrancabermeja-2019\/","title":{"rendered":"Empalme ESE Barrancabermeja 2019"},"content":{"rendered":"<p style=\"text-align: justify;\">El d\u00eda de hoy 13 de noviembre de 2019 en el auditorio del CPC, el doctor Ernesto Vera Rueda Gerente de la Empresa Social del Estado Barrancabermeja entreg\u00f3 el informe\u00a0 a la comisi\u00f3n de empalme, donde expuso los aspectos misionales y estrat\u00e9gicos de la Instituci\u00f3n, los logros, aspectos administrativos as\u00ed como los\u00a0 proyectos de inversi\u00f3n. Hizo \u00e9nfasis en la continuidad de programas como el Plan de Intervenciones Colectivas\u00a0 PIC y el programa de Atenci\u00f3n Primaria en Salud APS.<\/p>\n<p>&nbsp;<\/p>\n<p><a href=\"http:\/\/esebarrancabermeja.gov.co\/img-20191113-wa0008\/\"><img loading=\"lazy\" class=\"alignnone wp-image-5977 \" src=\"http:\/\/esebarrancabermeja.gov.co\/wp-content\/uploads\/2019\/11\/IMG-20191113-WA0008-300x200.jpg\" alt=\"\" width=\"290\" height=\"193\" srcset=\"https:\/\/esebarrancabermeja.gov.co\/antigua-ese-2022\/wp-content\/uploads\/2019\/11\/IMG-20191113-WA0008-300x200.jpg 300w, https:\/\/esebarrancabermeja.gov.co\/antigua-ese-2022\/wp-content\/uploads\/2019\/11\/IMG-20191113-WA0008-768x512.jpg 768w, https:\/\/esebarrancabermeja.gov.co\/antigua-ese-2022\/wp-content\/uploads\/2019\/11\/IMG-20191113-WA0008-280x187.jpg 280w, https:\/\/esebarrancabermeja.gov.co\/antigua-ese-2022\/wp-content\/uploads\/2019\/11\/IMG-20191113-WA0008-600x400.jpg 600w, https:\/\/esebarrancabermeja.gov.co\/antigua-ese-2022\/wp-content\/uploads\/2019\/11\/IMG-20191113-WA0008.jpg 960w\" sizes=\"(max-width: 290px) 100vw, 290px\" \/><\/a> <a href=\"http:\/\/esebarrancabermeja.gov.co\/img-20191113-wa0007\/\"><img loading=\"lazy\" class=\"alignnone wp-image-5976 \" src=\"http:\/\/esebarrancabermeja.gov.co\/wp-content\/uploads\/2019\/11\/IMG-20191113-WA0007-300x200.jpg\" alt=\"\" width=\"280\" height=\"187\" srcset=\"https:\/\/esebarrancabermeja.gov.co\/antigua-ese-2022\/wp-content\/uploads\/2019\/11\/IMG-20191113-WA0007-300x200.jpg 300w, https:\/\/esebarrancabermeja.gov.co\/antigua-ese-2022\/wp-content\/uploads\/2019\/11\/IMG-20191113-WA0007-768x512.jpg 768w, https:\/\/esebarrancabermeja.gov.co\/antigua-ese-2022\/wp-content\/uploads\/2019\/11\/IMG-20191113-WA0007-280x187.jpg 280w, https:\/\/esebarrancabermeja.gov.co\/antigua-ese-2022\/wp-content\/uploads\/2019\/11\/IMG-20191113-WA0007-600x400.jpg 600w, https:\/\/esebarrancabermeja.gov.co\/antigua-ese-2022\/wp-content\/uploads\/2019\/11\/IMG-20191113-WA0007.jpg 960w\" sizes=\"(max-width: 280px) 100vw, 280px\" \/>\u00a0\u00a0<\/a><a href=\"http:\/\/esebarrancabermeja.gov.co\/img-20191113-wa0009\/\"><img loading=\"lazy\" class=\"alignnone wp-image-5978\" src=\"http:\/\/esebarrancabermeja.gov.co\/wp-content\/uploads\/2019\/11\/IMG-20191113-WA0009-300x200.jpg\" alt=\"\" width=\"287\" height=\"191\" srcset=\"https:\/\/esebarrancabermeja.gov.co\/antigua-ese-2022\/wp-content\/uploads\/2019\/11\/IMG-20191113-WA0009-300x200.jpg 300w, https:\/\/esebarrancabermeja.gov.co\/antigua-ese-2022\/wp-content\/uploads\/2019\/11\/IMG-20191113-WA0009-768x512.jpg 768w, https:\/\/esebarrancabermeja.gov.co\/antigua-ese-2022\/wp-content\/uploads\/2019\/11\/IMG-20191113-WA0009-280x187.jpg 280w, https:\/\/esebarrancabermeja.gov.co\/antigua-ese-2022\/wp-content\/uploads\/2019\/11\/IMG-20191113-WA0009-600x400.jpg 600w, https:\/\/esebarrancabermeja.gov.co\/antigua-ese-2022\/wp-content\/uploads\/2019\/11\/IMG-20191113-WA0009.jpg 960w\" sizes=\"(max-width: 287px) 100vw, 287px\" \/><\/a><\/p>\n<p>&nbsp;<\/p>\n","protected":false},"excerpt":{"rendered":"<p>El d\u00eda de hoy 13 de noviembre de 2019 en el auditorio del CPC, el doctor Ernesto Vera Rueda Gerente de la Empresa Social del Estado Barrancabermeja entreg\u00f3 el informe\u00a0 a la comisi\u00f3n de empalme, donde expuso los aspectos misionales y estrat\u00e9gicos de la Instituci\u00f3n, los logros, aspectos administrativos as\u00ed como los\u00a0 proyectos de inversi\u00f3n.<\/p>\n","protected":false},"author":1,"featured_media":5979,"parent":0,"menu_order":0,"comment_status":"closed","ping_status":"closed","template":"","meta":{"_bbp_topic_count":0,"_bbp_reply_count":0,"_bbp_total_topic_count":0,"_bbp_total_reply_count":0,"_bbp_voice_count":0,"_bbp_anonymous_reply_count":0,"_bbp_topic_count_hidden":0,"_bbp_reply_count_hidden":0,"_bbp_forum_subforum_count":0},"categories":[554],"tags":[],"_links":{"self":[{"href":"https:\/\/esebarrancabermeja.gov.co\/antigua-ese-2022\/wp-json\/wp\/v2\/pages\/5980"}],"collection":[{"href":"https:\/\/esebarrancabermeja.gov.co\/antigua-ese-2022\/wp-json\/wp\/v2\/pages"}],"about":[{"href":"https:\/\/esebarrancabermeja.gov.co\/antigua-ese-2022\/wp-json\/wp\/v2\/types\/page"}],"author":[{"embeddable":true,"href":"https:\/\/esebarrancabermeja.gov.co\/antigua-ese-2022\/wp-json\/wp\/v2\/users\/1"}],"replies":[{"embeddable":true,"href":"https:\/\/esebarrancabermeja.gov.co\/antigua-ese-2022\/wp-json\/wp\/v2\/comments?post=5980"}],"version-history":[{"count":6,"href":"https:\/\/esebarrancabermeja.gov.co\/antigua-ese-2022\/wp-json\/wp\/v2\/pages\/5980\/revisions"}],"predecessor-version":[{"id":5986,"href":"https:\/\/esebarrancabermeja.gov.co\/antigua-ese-2022\/wp-json\/wp\/v2\/pages\/5980\/revisions\/5986"}],"wp:featuredmedia":[{"embeddable":true,"href":"https:\/\/esebarrancabermeja.gov.co\/antigua-ese-2022\/wp-json\/wp\/v2\/media\/5979"}],"wp:attachment":[{"href":"https:\/\/esebarrancabermeja.gov.co\/antigua-ese-2022\/wp-json\/wp\/v2\/media?parent=5980"}],"wp:term":[{"taxonomy":"category","embeddable":true,"href":"https:\/\/esebarrancabermeja.gov.co\/antigua-ese-2022\/wp-json\/wp\/v2\/categories?post=5980"},{"taxonomy":"post_tag","embeddable":true,"href":"https:\/\/esebarrancabermeja.gov.co\/antigua-ese-2022\/wp-json\/wp\/v2\/tags?post=5980"}],"curies":[{"name":"wp","href":"https:\/\/api.w.org\/{rel}","templated":true}]}}

<p style="text-align: justify;">El día de hoy 13 de noviembre de 2019 en el auditorio del CPC, el doctor Ernesto Vera Rueda Gerente de la Empresa Social del Estado Barrancabermeja entregó el informe  a la comisión de empalme, donde expuso los aspectos misionales y estratégicos de la Institución, los logros, aspectos administrativos así como los  proyectos de inversión. Hizo énfasis en la continuidad de programas como el Plan de Intervenciones Colectivas  PIC y el programa de Atención Primaria en Salud APS.</p>
<p>&nbsp;</p>
<p><a href="http://esebarrancabermeja.gov.co/img-20191113-wa0008/"><img loading="lazy" class="alignnone wp-image-5977 " src="http://esebarrancabermeja.gov.co/wp-content/uploads/2019/11/IMG-20191113-WA0008-300x200.jpg" alt="" width="290" height="193" srcset="https://esebarrancabermeja.gov.co/antigua-ese-2022/wp-content/uploads/2019/11/IMG-20191113-WA0008-300x200.jpg 300w, https://esebarrancabermeja.gov.co/antigua-ese-2022/wp-content/uploads/2019/11/IMG-20191113-WA0008-768x512.jpg 768w, https://esebarrancabermeja.gov.co/antigua-ese-2022/wp-content/uploads/2019/11/IMG-20191113-WA0008-280x187.jpg 280w, https://esebarrancabermeja.gov.co/antigua-ese-2022/wp-content/uploads/2019/11/IMG-20191113-WA0008-600x400.jpg 600w, https://esebarrancabermeja.gov.co/antigua-ese-2022/wp-content/uploads/2019/11/IMG-20191113-WA0008.jpg 960w" sizes="(max-width: 290px) 100vw, 290px" /></a> <a href="http://esebarrancabermeja.gov.co/img-20191113-wa0007/"><img loading="lazy" class="alignnone wp-image-5976 " src="http://esebarrancabermeja.gov.co/wp-content/uploads/2019/11/IMG-20191113-WA0007-300x200.jpg" alt="" width="280" height="187" srcset="https://esebarrancabermeja.gov.co/antigua-ese-2022/wp-content/uploads/2019/11/IMG-20191113-WA0007-300x200.jpg 300w, https://esebarrancabermeja.gov.co/antigua-ese-2022/wp-content/uploads/2019/11/IMG-20191113-WA0007-768x512.jpg 768w, https://esebarrancabermeja.gov.co/antigua-ese-2022/wp-content/uploads/2019/11/IMG-20191113-WA0007-280x187.jpg 280w, https://esebarrancabermeja.gov.co/antigua-ese-2022/wp-content/uploads/2019/11/IMG-20191113-WA0007-600x400.jpg 600w, https://esebarrancabermeja.gov.co/antigua-ese-2022/wp-content/uploads/2019/11/IMG-20191113-WA0007.jpg 960w" sizes="(max-width: 280px) 100vw, 280px" />  </a><a href="http://esebarrancabermeja.gov.co/img-20191113-wa0009/"><img loading="lazy" class="alignnone wp-image-5978" src="http://esebarrancabermeja.gov.co/wp-content/uploads/2019/11/IMG-20191113-WA0009-300x200.jpg" alt="" width="287" height="191" srcset="https://esebarrancabermeja.gov.co/antigua-ese-2022/wp-content/uploads/2019/11/IMG-20191113-WA0009-300x200.jpg 300w, https://esebarrancabermeja.gov.co/antigua-ese-2022/wp-content/uploads/2019/11/IMG-20191113-WA0009-768x512.jpg 768w, https://esebarrancabermeja.gov.co/antigua-ese-2022/wp-content/uploads/2019/11/IMG-20191113-WA0009-280x187.jpg 280w, https://esebarrancabermeja.gov.co/antigua-ese-2022/wp-content/uploads/2019/11/IMG-20191113-WA0009-600x400.jpg 600w, https://esebarrancabermeja.gov.co/antigua-ese-2022/wp-content/uploads/2019/11/IMG-20191113-WA0009.jpg 960w" sizes="(max-width: 287px) 100vw, 287px" /></a></p>
<p>&nbsp;</p>

<p>El día de hoy 13 de noviembre de 2019 en el auditorio del CPC, el doctor Ernesto Vera Rueda Gerente de la Empresa Social del Estado Barrancabermeja entregó el informe  a la comisión de empalme, donde expuso los aspectos misionales y estratégicos de la Institución, los logros, aspectos administrativos así como los  proyectos de inversión.</p>
